45247. What is the remainder when s is divided by 10?
8
Let z = -7391 + 7421. What is the remainder when 8188 is divided by z?
28
Suppose 454 = 4*r - 450. Let v = r + -138. Suppose -3*a + 4 = -2*a + 3*i, -1 = i. What is the remainder when v is divided by a?
4
Suppose -t - 3*j = -3, 3*t = j + 2 + 7. Suppose -v = 5, 0 = -9*a + 11*a - t*v - 33. Calculate the remainder when 186 is divided by a.
6
Let c = -19 + 73. Let y = 629 - 475. Calculate the remainder when y is divided by c.
46
Suppose -14*r = -16*r + 12. Let t = r + 3. Let u(j) = j**3 + j**2 - j + 16. What is the remainder when u(0) is divided by t?
7
Let u(i) = -124*i**3 + 2*i**2 - i - 2. Let m be u(-1). Let s = -110 + m. What is the remainder when 55 is divided by s?
10
Let i be (-203)/(-1)*((-110)/(-35) + -4). Let z = i + 176. What is the remainder when z is divided by 1?
0
Let z(i) = 12*i + 705. What is the remainder when 416 is divided by z(-52)?
11
Calculate the remainder when 716 is divided by 25/(-5) - (-2522)/26.
72
Suppose -2*b - 30 = -5*k + 66, -3*b = 9. Let v = -3547 - -3576. Calculate the remainder when v is divided by k.
11
Suppose o - 148 = h, 2*h = -2*o + o + 163. Let d = 174 - o. Let a = -61 - -122. Calculate the remainder when a is divided by d.
19
Let l(s) = 23*s - 41. Let y = -119 + 199. Let r = y + -72. Calculate the remainder when l(r) is divided by 29.
27
Suppose 4*q + 5 - 17 = 0. Let l be (-1)/q - 55/(-30)*-2. What is the remainder when (109/4 - 0) + l/16 is divided by 7?
6
Suppose 0 = 37*h + 101 - 693. Suppose 0 = h*b - 12*b - 52. What is the remainder when 44 is divided by b?
5
What is the remainder when (68/51 - 7/12)/(7/3668) is divided by 128?
9
Suppose 2*k - 522 = 68. Suppose 3*a = 5*s - 295, -3*s - 2*s - 5*a + k = 0. Calculate the remainder when s is divided by 9.
5
Suppose 167*u - 5*z = 170*u - 42632, -5*z - 42622 = -3*u. What is the remainder when u is divided by 35?
34
Suppose 10*c = 8*c + 32. Suppose 0 = -4*f - 5*o + 1467, 3*o - 15 = -2*o. What is the remainder when f is divided by c?
11
Let g(i) = 71*i + 11. Let p be g(6). Suppose p + 955 = 8*v. What is the remainder when v is divided by 89?
85
Suppose 0 = -2*l + 3*k - 13, 5*l + 0*k = 4*k - 22. Let q(y) = 4*y**2 + 6*y**2 + 50 + y - 49. What is the remainder when 153 is divided by q(l)?
36
Let p = 167 - 171. What is the remainder when ((-84)/(-18))/(-7)*174/p is divided by 3?
2
Suppose 265 = 3*g + 2*g. Suppose -q - 4*k + 24 = 0, 5*q - q - 63 = -5*k. What is the remainder when g is divided by ((-9)/q*-6)/(4/24)?
26
Suppose 0 = 9*t - 11*t + 8*t - 1170. What is the remainder when 966 is divided by t?
186
Let r(d) = 8*d - 3. Let k be (7/21)/(1/3). Calculate the remainder when 16 is divided by r(k).
1
Let q(n) = n**3 + 2*n + 5. What is the remainder when 439 is divided by q(2)?
14
Let b(y) = y**3 - 3*y**2 + 4*y + 4. Let i(g) be the first derivative of g**2/2 + 12*g + 42. What is the remainder when b(5) is divided by i(8)?
14
Let k = 638 + -638. Let t be 9/(-6)*(-44)/3. Suppose k = 19*a - t*a + 27. Calculate the remainder when 24 is divided by a.
6
Let r = 54 + -33. Let l be 132/33 + (49 - -1 - -1). Suppose -j + l - 16 = 0. What is the remainder when j is divided by r?
18
Let o = -44 - -51. Suppose -5*a - 4*p = 17, -2*a + p + 8 = -o*a. Calculate the remainder when (a + -1)*22/(-4) is divided by 9.
2
Suppose -144 = 25*v - 17*v. Calculate the remainder when (-9)/v - (-594)/4 is divided by 46.
11
Let c = -610 + 274. Let z = -329 - c. Calculate the remainder when z is divided by 2.
1
Suppose 341 = 4*v + d, d - 77 = -v - 2*d. Let p = -49 - -123. Let n = 97 - p. What is the remainder when v is divided by n?
17
Let c(a) = -a**3 - 42*a**2 - 79*a + 89. What is the remainder when 3231 is divided by c(-40)?
46
Suppose 0 = 33*y + 5*y - 1087 + 137. Calculate the remainder when 1441 is divided by y.
16
Let c(a) = -5*a**3 + 2*a + 1. Let u be c(-1). Let q = -153 - -226. What is the remainder when q is divided by (-30*(-2)/u)/1?
13
Let a be (-1 + -120)*(3 + -2). Let r = a - -175. Suppose -4*y + 4*s + 132 = 0, -2*y + 16 = s - 35. What is the remainder when r is divided by y?
26
Suppose 15*y - 132 = -18*y. Suppose -y = 4*i, i = 2*d + 2*d - 33. Suppose -3*x + 5*x = 60. What is the remainder when x is divided by d?
6
Suppose -12*t + 14*n - 12*n + 2040 = 0, -5*t = 4*n - 879. What is the remainder when t is divided by 41?
7
Suppose 0 = -2*v - 0*v + 3*t + 122, 4*t - 39 = -v. Let w = v - -21. Calculate the remainder when w is divided by 74.
2
Let a(l) = -124*l + 49*l - 39 + 24*l + 24*l. Calculate the remainder when 34 is divided by a(-2).
4
Let q = -101 + 181. Suppose 2*l - 90 = 4*k, -2*l + 4*k = 2*k - q. Calculate the remainder when l is divided by 10.
5
Let b = -48474 + 48484. Let g = -8 + 23. Calculate the remainder when g is divided by b.
5
Let k(p) = 2*p**3 - 5*p**2 + 2*p + 1. Let a = 401 + -183. What is the remainder when a/6*(-46 + 49) is divided by k(3)?
13
Suppose 237*j + 296 = 241*j - 3*o, -4*j - o = -280. What is the remainder when j is divided by 35?
1
Suppose -305*x + 3908 = -5852. What is the remainder when 15582 is divided by x?
30
Suppose -3*r - 31806 = -13*r - 52*r. What is the remainder when r is divided by 180?
153
Let k = 279 - 222. Let i = -6 - -9. Suppose 3*d = 5*r + 35, -6*r + i*r = 3. Calculate the remainder when k is divided by d.
7
Calculate the remainder when 1151 is divided by -951 - -953 - (0 + 0 - -1 - 70).
15
Let c be ((-10)/(-6))/((-2)/(-6)). Let b = 18164 + -17964. Suppose t - b = -w + 3*t, 0 = 4*w - c*t - 809. Calculate the remainder when w is divided by 42.
38
Let a = -23650 + 23796. Let i = 95 - 44. Calculate the remainder when a is divided by i.
44
Let i = 235 + -212. What is the remainder when (i - 8) + -5 + 2 + 7 is divided by 5?
4
Let y = 5 - 4. What is the remainder when 24*y - (-21)/(-7) is divided by (-154)/231*(1 + 19/(-1))?
9
Let w be (-324)/42 - (-4 - (-120)/28). Let i(j) = 2*j**2 + 13*j + 19. Let u(b) = -83*b**3 + 2*b**2 - 1. Calculate the remainder when u(-1) is divided by i(w).
41
Let l be ((-6)/(-9))/(2/414*6). Suppose l*y = 18*y - 5. What is the remainder when 78 is divided by (8/20)/y*-40?
14
Let j(s) = -3*s**2 + 12*s - 6. Let m be j(3). Suppose -5*y = -4*h - 103, -14*y + m*h = -13*y - 14. Calculate the remainder when y is divided by 10.
3
Suppose -4*n = 285 + 31. Let u = -54 - n. Let c(m) = -19*m - 99. Calculate the remainder when c(-9) is divided by u.
22
Suppose 0 = x - 3*x. Let h(d) = d + 0*d - 3*d + 4*d + 14. What is the remainder when 67 is divided by h(x)?
11
Let g(s) = -3*s**3 + 64*s**2 - 46*s + 107. Calculate the remainder when g(20) is divided by 18.
13
Suppose 4*c = c + 174. Let s = 77 - 74. Suppose 54 - 16 = 2*p + 4*t, -5*t = -s*p + 68. Calculate the remainder when c is divided by p.
16
Suppose -3*t - 5*y + 3643 = 0, t = 32*y - 34*y + 1215. What is the remainder when t is divided by 111?
101
Let o(t) = 82*t + 2. Calculate the remainder when o(2) is divided by (-33)/44*32*9/(-24).
4
Suppose -2*f + 177 = 9. Suppose -41 = -5*b + f. What is the remainder when b is divided by 11?
3
Let y(t) = -6*t**3 + 2*t**2 + t. Let g be y(2). Let x = 48 + g. Suppose x = 2*k + 2. What is the remainder when 29 is divided by k?
1
Suppose -3*g + 192 = -3*l, 0*g + 2*g - 314 = 5*l. Let k = l + 64. What is the remainder when 67 + (0 - (5 - k)) is divided by 33?
31
Let h = 4 - -1. Suppose -h*b = a - 22, 4 = 3*b - a - 3*a. Suppose 4*p - n - 80 = b*n, -66 = -2*p - 4*n. Calculate the remainder when 146 is divided by p.
21
Let t = -3652 - -3669. Suppose 198 = 2*p + p. What is the remainder when p is divided by t?
15
Suppose 0 = 49*y + 1522 - 4462. Calculate the remainder when 150 is divided by y.
30
Suppose 3*n - d + 46 - 148 = 0, -170 = -5*n - d. Suppose -2*f = -11 - 7. What is the remainder when n/(4*5/20) is divided by f?
7
Suppose -4*m + 468*w - 465*w = -299, -3*w = m - 56. What is the remainder when 4117 is divided by m?
70
Let v = -22 - -40. Suppose y - 2 = v. Calculate the remainder when y is divided by (1 - 2/8)/(-24 - 7696/(-320)).
5
Suppose k - 3663 = -6*k + 37098. Calculate the remainder when k is divided by 16.
15
Suppose -84*p = -89*p - 1245. Let k = p + 263. What is the remainder when 61 is divided by k?
5
Suppose 0 = -5*k + 251 + 99. Suppose -3 = l, -2*s + 3*l = -0*s - 7. What is the r